= -3*t**2 - 117*t + 56. Give m(-38).
170
Let a(b) = 19*b + 140. Determine a(-9).
-31
Let r(i) = -i**3 + 9*i**2 - 11*i - 2. Give r(8).
-26
Let f(k) = -k**3 + 34*k**2 - 271*k - 53. Give f(12).
-137
Let z(m) = -8*m - 283. Give z(-47).
93
Let y(t) = -8*t**3 + t**2 + 15*t + 26. Determine y(4).
-410
Let s(j) = 736*j + 22833. What is s(-31)?
17
Let c(y) = 4*y**2 + 22*y - 175. What is c(-11)?
67
Let b(x) = 96*x + 30. What is b(-2)?
-162
Let m(k) = -k**3 + 3*k**2 - 117*k + 233. Determine m(2).
3
Let d(j) = j**2 + 20*j + 75. What is d(-5)?
0
Let i(n) = 2*n**3 + 49*n**2 + 31*n - 16. What is i(-24)?
-184
Let b(y) = -380*y - 4555. Determine b(-12).
5
Let v(l) = -51*l - 4989. Determine v(-99).
60
Let x(k) = -5*k**3 - 34*k**2 - 4*k + 30. Calculate x(-6).
-90
Let w(s) = s**2 + 7*s - 2858. Determine w(-57).
-8
Let r(g) = g**3 + 43*g**2 - 1176*g + 117. Give r(-62).
-7
Let p(q) = 2*q**3 + 78*q**2 - 197*q - 1355. What is p(-41)?
-2
Let s(l) = 2*l**3 + 17*l**2 - 444*l + 162. What is s(11)?
-3
Let c(a) = 14*a + 202. Calculate c(-16).
-22
Let x(o) = 122*o - 18797. Calculate x(154).
-9
Let f(k) = 23*k**2 - 141*k + 24. Calculate f(6).
6
Let f(o) = 11*o**2 + 2*o + 77. Calculate f(-4).
245
Let h(a) = a**3 - 33*a**2 - 254*a - 38. What is h(39)?
-818
Let s(h) = 7*h**3 + 118*h**2 - 21*h - 66. Calculate s(-17).
2
Let g(r) = -3857*r - 46281. Determine g(-12).
3
Let k(l) = -l**2 + 367*l - 3943. What is k(11)?
-27
Let g(f) = -2*f**3 - 50*f**2 - 94*f - 25. Give g(-23).
21
Let j(h) = 339*h + 4732. Determine j(-14).
-14
Let h(w) = -50*w**2 + 252*w - 4. Calculate h(5).
6
Let u(b) = -b**2 + 345*b - 2697. Give u(8).
-1
Let x(g) = -g**2 - 14*g - 11. Calculate x(-11).
22
Let h(v) = 159*v + 74. What is h(-2)?
-244
Let c(w) = 4*w**2 - 47*w + 19. Give c(12).
31
Let m(g) = g**3 - 5*g**2 + 20*g + 11. What is m(5)?
111
Let c(d) = -11*d + 37. What is c(-18)?
235
Let y(t) = t**3 - 26*t**2 - 16*t + 85. Give y(26).
-331
Let p(g) = 9*g**2 - 4*g - 88. Determine p(11).
957
Let i(t) = -t**3 - 11*t**2 - 7*t - 21. What is i(-10)?
-51
Let u(i) = -7*i**2 + i + 49. Determine u(8).
-391
Let f(y) = 81*y - 347. What is f(4)?
-23
Let k(f) = f**2 - 42*f + 318. What is k(9)?
21
Let f(l) = -124*l - 4662. Give f(-38).
50
Let m(d) = -15*d + 1113. Determine m(73).
18
Let r(t) = -10*t**3 - 650*t**2 + 2*t + 65. Determine r(-65).
-65
Let q(t) = t**2 - t + 6. Give q(-4).
26
Let l(t) = -t**3 + 4*t**2 + 19*t - 59. Give l(3).
7
Let d(c) = -289*c + 2889. Determine d(10).
-1
Let n(t) = 4*t**3 + 181*t**2 - 144*t - 28. Give n(-46).
248
Let k(d) = -d**2 - 18*d - 48. What is k(-10)?
32
Let s(r) = 57*r**3 + 9*r**2 + 22*r + 4. Determine s(-2).
-460
Let c(d) = -2*d**3 - 53*d**2 + 279*d + 20. What is c(-31)?
20
Let v(g) = -9*g**2 - 4*g - 25. Determine v(-6).
-325
Let q(z) = 3*z**2 + 218*z - 1155. Determine q(5).
10
Let j(h) = 9*h**2 - 15*h + 45. Give j(3).
81
Let t(n) = -4*n**2 - 112*n - 22. Determine t(-27).
86
Let l(o) = -1097*o + 4384. Calculate l(4).
-4
Let f(u) = -5*u**2 - 238*u - 373. What is f(-46)?
-5
Let z(y) = -4482*y - 4486. Give z(-1).
-4
Let l(x) = x**2 + 81*x - 799. What is l(-90)?
11
Let k(h) = -4*h**2 - 94*h - 17. Determine k(-23).
29
Let s(c) = 114*c + 16974. Calculate s(-149).
-12
Let v(s) = 97*s + 354. Determine v(-3).
63
Let y(t) = -102*t + 213. Give y(2).
9
Let i(s) = -s**3 + 36*s**2 + 81*s - 137. Give i(38).
53
Let i(d) = 2*d**3 + 126*d**2 + 166*d + 2602. What is i(-62)?
-2
Let i(u) = 112*u**2 - 69*u - 70. Determine i(-1).
111
Let k(r) = -1004*r + 17036. Calculate k(17).
-32
Let m(k) = -176*k - 1405. What is m(-8)?
3
Let n(a) = 298*a - 48. What is n(-1)?
-346
Let j(l) = 29*l + 752. Calculate j(-25).
27
Let x(k) = -k**3 - 29*k**2 + 28*k - 2187. What is x(-32)?
-11
Let l(s) = s**3 + 7*s**2 + 23*s + 108. Give l(-6).
6
Let l(g) = -2*g**3 - 50*g**2 - 47*g - 5. Calculate l(-24).
-29
Let g(m) = m**2 - 59*m - 357. Determine g(-5).
-37
Let b(t) = -12*t + 452. What is b(40)?
-28
Let i(j) = -39*j**3 + 3*j**2 - 34*j - 36. Calculate i(-1).
40
Let t(u) = u**2 - 37*u - 2634. What is t(73)?
-6
Let k(j) = -25*j**2 + 49*j + 211. Determine k(4).
7
Let q(l) = 4*l**2 + 218*l - 108. What is q(-55)?
2
Let m(d) = d**3 - 3*d**2 - 30*d + 8. Give m(7).
-6
Let w(s) = 147*s + 165. Give w(-1).
18
Let l(n) = n**3 + 4*n**2 - 4*n + 48. Calculate l(-9).
-321
Let n(c) = c**2 - 22*c + 121. What is n(11)?
0
Let b(o) = 2*o**3 - 4*o**2 - 6*o - 5. Determine b(3).
-5
Let t(y) = -y**3 - 111*y**2 + 454*y - 710. Calculate t(-115).
-20
Let d(y) = y**2 + 26*y - 578. Determine d(14).
-18
Let d(w) = -w**3 - 36*w**2 - 75*w - 228. Give d(-34).
10
Let q(h) = -2*h**3 + 147*h**2 - 2*h - 5179. Calculate q(73).
4
Let s(y) = 2*y**3 - 1089*y**2 + 2686*y + 13007. Calculate s(542).
-1
Let p(l) = l**3 + 21*l**2 + 40*l - 28. What is p(-18)?
224
Let w(x) = x**3 - 6*x**2 - 528*x + 203. Calculate w(26).
-5
Let h(l) = -3*l**2 - 44*l + 951. Give h(12).
-9
Let n(z) = 25*z**2 + 64*z + 19. Determine n(0).
19
Let l(i) = -i**2 - 1907*i + 3813. Calculate l(2).
-5
Let b(t) = t**2 - 35*t - 350. Determine b(-8).
-6
Let s(j) = j**2 - 152*j + 5549. Calculate s(91).
-2
Let j(t) = t**3 + 7*t**2 - 27*t - 139. What is j(-9)?
-58
Let n(j) = -j**2 - 81*j - 825. Determine n(-70).
-55
Let i(s) = s**3 + 49*s**2 + 53*s + 219. Determine i(-48).
-21
Let h(y) = -146*y - 1184. Calculate h(-8).
-16
Let v(d) = -908*d - 10897. What is v(-12)?
-1
Let g(n) = n**2 - 16*n + 51. Calculate g(12).
3
Let k(f) = -f**3 + 13*f**2 + 10*f + 68. Determine k(14).
12
Let y(r) = r**2 - 4*r + 89. Calculate y(0).
89
Let o(y) = -y**3 - 33*y**2 - 45*y - 401. Give o(-32).
15
Let o(d) = -61*d + 261. Calculate o(6).
-105
Let d(p) = -p**2 + 44*p + 39. What is d(39)?
234
Let y(v) = 5*v**2 - 49*v - 52. Determine y(11).
14
Let x(k) = -k**3 - 24*k**2 + 69*k + 16. Determine x(3).
-20
Let w(g) = -7*g**2 - 167*g - 884. Calculate w(-8).
4
Let v(d) = 86*d + 78. Give v(-1).
-8
Let n(f) = 110*f + 1658. What is n(-15)?
8
Let q(j) = -4*j**3 - 84*j**2 + 2*j - 48. Give q(-21).
-90
Let p(j) = 8*j**2 + 16*j - 50. Give p(4).
142
Let i(o) = 54*o - 7. Determine i(1).
47
Let w(i) = -3*i**3 + 13*i**2 - 15*i + 47. Calculate w(4).
3
Let n(g) = 1380*g - 8275. Give n(6).
5
Let b(f) = -68*f**2 - 5*f + 35. What is b(0)?
35
Let d(y) = -y**3 + 3*y**2 - 90*y + 820. Calculate d(7).
-6
Let m(a) = -1214*a + 6083. Give m(5).
13
Let o(v) = -14*v**2 - 139*v + 151. Determine o(1).
-2
Let y(j) = -3*j**2 - 12*j + 27. What is y(-7)?
-36
Let g(o) = -o**3 - 30*o**2 + 33*o + 62. Calculate g(-31).
0
Let j(w) = w**3 - 6*w**2 - 1283*w - 162. Determine j(39).
-6
Let s(r) = 191*r - 1696. Give s(9).
23
Let b(q) = q**3 - 5*q**2 - 7*q + 29. Calculate b(5).
-6
Let i(d) = 3*d**2 + 6*d - 67. Give i(-7).
38
Let b(h) = 168*h + 18514. Give b(-110).
34
Let m(r) = -r**3 + 21*r**2 - 2*r + 24. Determine m(21).
-18
Let i(c) = -64*c + 2833. Give i(44).
17
Let s(o) = 26*o - 304. Determine s(17).
138
Let b(t) = -3*t**3 + 26*t**2 + 48*t - 383. Give b(9).
-32
Let k(s) = -2*s - 92. What is k(-28)?
-36
Let y(v) = -v**2 - 21*v - 56. What is y(-12)?
52
Let a(s) = -s**2 - 34*s - 65. What is a(0)?
-65
Let j(l) = -l**3 - 45*l**2 + 366*l + 94. What is j(-52)?
-10
Let t(a) = -a**3 - 13*a**2 + 173*a - 27. Give t(8).
13
Let g(w) = -3*w**2 + 94*w + 460. Calculate g(36).
-44
Let o(g) = -29*g - 375. Give o(-13).
2
Let z(k) = 21*k - 187. Determine z(9).
2
Let k(s) = s**3 + 42*s**2 + 379*s + 38. What is k(-29)?
-20
Let s(l) = 135*l - 906. Give s(6).
-96
Let u(f) = f**3 + 26*f**2 - 30*f + 3. What is u(-27)?
84
Let y(o) = 1233*o - 27156. What is y(22)?
-30
Let u(o) = o**2 + 1115*o + 11108. Determine u(-10).
58
Let p(z) = z**3 + 6*z**2 - 219*z - 161. What is p(-18)?
-107
Let n(r) = 5*r**2 + 74*r + 310. Give n(-5).
65
Let r(z) = 42*z + 76. What is r(-2)?
-8
Let k(d) = -107*d - 16490. What is k(-154)?
-12
Let n(d) = -d**3 - 57*d**2 + d + 45. Calculate n(-57).
-12
Let o(z) = -z**2 - 22*z + 759. Give o(19).
-20
Let f(v) = v**2 + 27*v + 220. What is f(-13)?
38
Let p(r) = r**3 - 8*r**2 - 22*r + 41. Calculate p(7).
-162
Let k(t) = -t**2 + 26*t - 94. Give k(13).
75
Let z(b) = 79*b**2 + 220*b + 219. Give z(-1).
78
Let z(l) = -18*l + 1061. Give z(53).
107
Let x(m) = -m**3 + 16*m**2 + 49*m - 448. Determine x(19).
-600
Let j(p) = -p**3 + 11*p**2 + 75*p + 101. Determine j(16).
21
Let h(l) = -850*l + 6823. Determine h(